.
347
Convert -1010 (base 2) to base 7.
-13
Convert -3 (base 13) to base 14.
-3
0 (base 5) to base 13
0
What is -22 (base 10) in base 13?
-19
Convert -73 (base 12) to base 15.
-5c
Convert 56 (base 12) to base 13.
51
-111 (base 3) to base 8
-15
Convert 0 (base 6) to base 4.
0
Convert -100101000 (base 2) to base 6.
-1212
-1 (base 10) to base 12
-1
What is -2113 (base 4) in base 7?
-304
Convert -20 (base 5) to base 11.
-a
What is 10 (base 6) in base 9?
6
-158 (base 10) to base 2
-10011110
What is 11a (base 12) in base 2?
10100110
Convert -1 (base 10) to base 3.
-1
Convert -1 (base 8) to base 12.
-1
Convert -1 (base 16) to base 8.
-1
11 (base 12) to base 8
15
-54 (base 15) to base 14
-59
Convert -32 (base 5) to base 11.
-16
17 (base 9) to base 2
10000
What is -156 (base 9) in base 8?
-204
What is -1d (base 14) in base 3?
-1000
What is -20122 (base 3) in base 7?
-344
What is -3 (base 13) in base 12?
-3
a (base 15) to base 14
a
What is 2 (base 4) in base 16?
2
Convert 2 (base 16) to base 8.
2
-2a (base 11) to base 10
-32
Convert -3 (base 9) to base 10.
-3
What is 4 (base 5) in base 4?
10
-153 (base 6) to base 11
-63
Convert -3 (base 14) to base 15.
-3
-7 (base 11) to base 9
-7
Convert -3 (base 8) to base 13.
-3
What is -a7 (base 15) in base 6?
-421
What is 126 (base 9) in base 4?
1221
2 (base 6) to base 4
2
What is -14 (base 12) in base 5?
-31
-54 (base 9) to base 8
-61
Convert 2002 (base 3) to base 6.
132
What is -8 (base 11) in base 12?
-8
-c0 (base 14) to base 11
-143
Convert 122 (base 14) to base 6.
1014
Convert 11001 (base 2) to base 6.
41
Convert 11111 (base 3) to base 4.
1321
What is 13 (base 12) in base 10?
15
-7 (base 9) to base 8
-7
-1212 (base 3) to base 9
-55
Convert 520 (base 6) to base 4.
3000
What is 1 (base 12) in base 13?
1
What is -32 (base 5) in base 10?
-17
What is -1132 (base 6) in base 15?
-132
-37 (base 10) to base 5
-122
What is -17 (base 15) in base 9?
-24
What is -4 (base 13) in base 5?
-4
Convert -2 (base 7) to base 5.
-2
Convert 2 (base 10) to base 16.
2
What is -100 (base 10) in base 8?
-144
What is -87 (base 9) in base 11?
-72
2 (base 12) to base 16
2
3 (base 14) to base 15
3
105 (base 13) to base 12
126
Convert 0 (base 13) to base 2.
0
-155 (base 9) to base 13
-a1
What is 10 (base 4) in base 14?
4
Convert 13 (base 5) to base 7.
11
4 (base 13) to base 15
4
Convert -502 (base 7) to base 14.
-139
-126 (base 12) to base 7
-336
Convert 101 (base 3) to base 14.
a
What is 13 (base 6) in base 5?
14
2 (base 3) to base 2
10
What is -27 (base 8) in base 13?
-1a
What is -8 (base 14) in base 12?
-8
What is 10 (base 4) in base 3?
11
What is -2 (base 12) in base 16?
-2
-8 (base 13) to base 6
-12
300 (base 4) to base 15
33
101011 (base 2) to base 7
61
Convert 9 (base 16) to base 13.
9
Convert -c (base 16) to base 4.
-30
Convert -5 (base 16) to base 9.
-5
Convert -1111 (base 3) to base 2.
-101000
What is -6 (base 14) in base 7?
-6
Convert -122 (base 4) to base 12.
-22
225 (base 6) to base 11
81
What is -4 (base 6) in base 11?
-4
Convert 55 (base 6) to base 4.
203
What is 1 (base 3) in base 14?
1
What is 9c (base 16) in base 6?
420
What is -2130 (base 4) in base 5?
-1111
-49 (base 14) to base 12
-55
Convert 134 (base 6) to base 13.
46
236 (base 9) to base 11
168
2 (base 9) to base 6
2
-3a (base 16) to base 11
-53
Convert -3 (base 7) to base 16.
-3
Convert 110 (base 10) to base 16.
6e
-12 (base 15) to base 8
-21
What is 3 (base 14) in base 10?
3
Convert -10111 (base 4) to base 14.
-15b
Convert 4 (base 10) to base 6.
4
1 (base 16) to base 3
1
What is -16 (base 7) in base 2?
-1101
Convert 3 (base 6) to base 4.
3
Convert 3 (base 15) to base 4.
3
Convert 1011011 (base 2) to base 13.
70
What is 7 (base 12) in base 11?
7
3 (base 13) to base 10
3
What is 112 (base 3) in base 15?
e
What is 1010 (base 4) in base 2?
1000100
100 (base 2) to base 4
10
-6 (base 13) to base 8
-6
Convert 4 (base 14) to base 6.
4
Convert -ba (base 14) to base 13.
-c8
What is -12 (base 13) in base 16?
-f
Convert 8 (base 12) to base 8.
10
-1002 (base 3) to base 9
-32
-200 (base 4) to base 2
-100000
6 (base 16) to base 14
6
0 (base 2) to base 5
0
What is 2 (base 5) in base 7?
2
Convert -c (base 16) to base 10.
-12
What is -171 (base 10) in base 6?
-443
-1 (base 15) to base 12
-1
What is 24 (base 6) in base 11?
15
What is -24 (base 16) in base 11?
-33
2222 (base 3) to base 9
88
Convert 2 (base 10) to base 4.
2
Convert 12 (base 15) to base 12.
15
4a (base 14) to base 15
46
What is 3 (base 13) in base 9?
3
What is -42 (base 8) in base 10?
-34
-2 (base 9) to base 10
-2
Convert 1 (base 5) to base 7.
1
What is 43 (base 16) in base 14?
4b
10 (base 5) to base 14
5
Convert 4 (base 5) to base 4.
10
What is -103 (base 4) in base 11?
-18
Convert 30 (base 7) to base 9.
23
-27 (base 15) to base 16
-25
What is 71 (base 10) in base 8?
107
What is 0 (base 12) in base 10?
0
Convert 25b (base 12) to base 6.
1355
33 (base 13) to base 3
1120
7 (base 10) to base 13
7
4 (base 8) to base 15
4
42 (base 15) to base 13
4a
35 (base 9) to base 8
40
Convert 3 (base 16) to base 12.
3
Convert 35 (base 15) to base 13.
3b
-a (base 16) to base 5
-20
What is 110 (base 3) in base 9?
13
Convert -19 (base 14) to base 16.
-17
-1 (base 10) to base 15
-1
Convert 13 (base 4) to base 5.
12
What is 100 (base 7) in base 3?
1211
What is -11 (base 8) in base 10?
-9
-11020 (base 3) to base 14
-82
34 (base 9) to base 6
51
Convert 15 (base 8) to base 11.
12
What is 13 (base 9) in base 6?
20
43 (base 11) to base 16
2f
-40 (base 9) to base 10
-36
-23 (base 13) to base 8
-35
What is d (base 14) in base 9?
14
What is 14 (base 12) in base 2?
10000
-31 (base 5) to base 12
-14
Convert 6 (base 11) to base 6.
10
What is -33 (base 11) in base 13?
-2a
What is 1a4 (base 12) in base 5?
2033
1111 (base 2) to base 9
16
-10 (base 4) to base 2
-100
Convert 0 (base 9) to base 10.
0
Convert -2 (base 7) to base 4.
-2
-5 (base 6) to base 8
-5
Convert 18 (base 16) to base 3.
220
What is -11 (base 16) in base 9?
-18
28 (base 14) to base 15
26
0 (base 15) to base 4
0
Convert -7 (base 10) to base 14.
-7
Convert f (base 16) to base 4.
33
What is 0 (base 7) in base 3?
0
What is -2 (base 11) in base 16?
-2
Convert -2 (base 5) to base 12.
-2
What is 2 (base 9) in base 16?
2
-15 (base 8) to base 6
-21
What is 4 (base 11) in base 10?
4
What is -42 (base 16) in base 8?
-102
What is 4 (base 10) in base 7?
4
-321 (base 6) to base 15
-81
Convert -65 (base 8) to base 10.
-53
Convert -10012 (base 4) to base 14.
-14a
-133 (base 4) to base 6
-51
2 (base 12) to base 5
2
0 (base 11) to base 13
0
What is -400 (base 7) in base 6?
-524
30 (base 5) to base 7
21
What is -8 (base 11) in base 3?
-22
Convert -1c (base 14) to base 6.
-42
Convert 1 (base 7) to base 8.
1
Convert -23 (base 4) to base 13.
-b
Convert -42 (base 6) to base 2.
-11010
What is -19 (base 10) in base 11?
-18
Convert -b4 (base 14) to base 2.
-10011110
4 (base 10) to base 15
4
What is d (base 15) in base 9?
14
-2000 (base 3) to base 5
-204
-1222 (base 3) to base 4
-311
2 (base 11) to base 7
2
3 (base 6) to base 2
11
Convert -3 (base 16) to base 6.
-3
-100 (base 2) to base 4
-10
Convert 0 (base 7) to base 4.
0
What is 20 (base 8) in base 7?
22
Convert 141 (base 7) to base 6.
210
Convert 100100 (base 2) to base 7.
51
Convert 4 (base 13) to base 14.
4
-2 (base 6) to base 14
-2
Convert -1 (base 14) to base 5.
-1
b (base 15) to base 12
b
What is 11 (base 5) in base 7?
6
Convert -5 (base 12) to base 10.
-5
What is -100110 (base 2) in base 16?
-26
What is -34 (base 8) in base 7?
-40
Convert 13 (base 13) to base 5.
31
9 (base 16) to base 7
12
Convert -73 (base 13) to base 7.
-163
-11000 (base 2) to base 4
-120
What is 2 (base 6) in base 15?
2
Convert -13 (base 4) to base 2.
-111
What is 200 (base 3) in base 8?
22
What is -13 (base 5) in base 10?
-8
What is -2 (base 9) in base 4?
-2
Convert 0 (base 13) to base 7.
0
Convert -19 (base 16) to base 14.
-1b
-1a (base 14) to base 3
-220
b2 (base 14) to base 4
2130
Convert 115 (base 9) to base 8.
137
What is -10 (base 16) in base 8?
-20
Convert 2 (base 7) to base 5.
2
What is 10 (base 14) in base 2?
1110
What is -6 (base 12) in base 6?
-10
Convert 11 (base 10) to base 15.
b
What is -2b (base 16) in base 15?
-2d
Convert 43 (base 9) to base 7.
54
What is 1110 (base